a) + 11*u(a). Let n be p(9). What is the greatest common divisor of 90 and n?
9
Suppose -b - i + 89 = 3*i, 0 = 4*b + 4*i - 296. Suppose 91 = w + 5*s, 0 = -5*w - s + 404 - b. Calculate the greatest common divisor of 6 and w.
6
Let i(o) = 5*o**2 - 2*o - 7. Let t be i(5). Calculate the highest common factor of t and 12.
12
Let a(g) be the first derivative of -g**4/4 - g**3/3 - 168*g + 1. Let b be a(0). Let c = -6 - b. What is the highest common factor of 18 and c?
18
Let j(s) = s - 5*s + 2*s + s + 18*s**2. Let h be j(-1). Let i be 2/8 - 1821/(-12). Calculate the highest common factor of h and i.
19
Let g be (-14)/21*(-141)/(-2). Let h = 71 + g. Calculate the highest common divisor of h and 12.
12
Let u = 19 - 15. What is the greatest common factor of u and 20?
4
Let l be 5/1 + -4 + 5. Suppose 0 = -2*d + 4*d - 108. Calculate the highest common factor of l and d.
6
Let x(b) = 3*b**2 - 15*b + 9. Let g be x(6). Suppose 4*u + 0*u - 3*w = 72, 0 = -3*w. What is the greatest common factor of u and g?
9
Let i be 2/(12/27)*2. Calculate the highest common divisor of 36 and i.
9
Let q(u) = 4*u**3 - 3*u**2 + 2*u - 2. Let r be q(2). Let j be 2/4*0 + 2. What is the highest common factor of j and r?
2
Suppose 4 = -m - o, -3*o + 2*o - 4 = 4*m. Let y = 10 - 5. Suppose m = -y*n - 3*t + 141, -t + 6*t - 135 = -5*n. Calculate the highest common divisor of n and 75.
15
Suppose 0 = 5*l - 8 - 2. Let p be (9/(-6))/(l/(-12)). What is the highest common factor of 9 and p?
9
Suppose 5*d - 2 = 318. What is the greatest common factor of 8 and d?
8
Let i(x) = -2*x - 3. Let o be i(-2). What is the greatest common divisor of 10 and o?
1
Let l = -7 - -12. Let z = 9 + 16. Calculate the highest common factor of z and l.
5
Let s be (-8)/28 + (-468)/(-21). What is the highest common factor of 22 and s?
22
Suppose 0 = 2*a - 13 - 3. Calculate the highest common factor of 64 and a.
8
Let h(u) = 12*u + 8. Let v be h(4). What is the greatest common divisor of v and 14?
14
Let v be (-2)/10 + -2 + (-755)/(-25). What is the greatest common divisor of 56 and v?
28
Let l(a) = -8*a + 3. Let p be l(-1). What is the greatest common factor of 1 and p?
1
Let y = 111 + -7. Suppose -5*r - j + 61 = 0, -4*r = -12*j + 17*j - 32. Calculate the greatest common factor of y and r.
13
Let j be (6/(-4))/((-18)/24). Calculate the highest common factor of j and 16.
2
Let s = 0 + 2. Suppose s - 4 = -v. Let o be (-9 + -2)*(-2)/v. Calculate the highest common factor of 1 and o.
1
Let c be 3/(-5) + 84/15. Suppose c*d = d. Let p be 3*(d - (3 - 20)). What is the greatest common factor of p and 34?
17
Suppose 5*d = -c - 0*c + 7, -4*c - 6 = 3*d. Let n(w) = -24*w. Let g be n(c). Suppose -16 = 3*q - 5*q. Calculate the highest common divisor of q and g.
8
Let p = 5 + -2. Suppose -5*v + 30 = 2*y, 2*y - 8 = -p*v + 14. Suppose -2*h - 14 = -44. What is the highest common divisor of y and h?
5
Suppose 2*p - 167 = -3*g, 0 = 4*p - 7*p - 5*g + 249. Calculate the greatest common factor of p and 22.
22
Let l be 0 + -44*1/(-1). Let h(i) = i**2 - 3*i - 7. Let f be h(6). What is the greatest common factor of f and l?
11
Let u = -25 - -97. What is the highest common factor of 8 and u?
8
Let v be (-770)/(-49) - (-4)/14. What is the highest common divisor of 8 and v?
8
Let i(u) = u**3 + 4*u**2 - 5*u + 5. Let w be i(-5). Suppose 2*f - w*f - 63 = -3*d, 5*d = -f + 135. What is the greatest common divisor of 13 and d?
13
Let c = -362 + 368. Suppose -r = r - 30. What is the highest common divisor of c and r?
3
Let q = -13 - -29. What is the highest common factor of q and 64?
16
Let d(m) = m**3 - 3*m**2 + 3*m - 2. Let h be d(3). Suppose -5*v - 345 = 40. Let b be (v/(-3))/(2/6). What is the greatest common divisor of b and h?
7
Let u(f) = -f**3 + f**2 + f + 2. Let x be u(-2). Suppose -3*j + x = -j. Let s(q) = 5*q + 6. Let o be s(j). What is the highest common factor of 18 and o?
18
Let t(y) = -4*y - 12 + 4 - y**3 + 5 + 5 + 6*y**2. Let j be t(5). Calculate the highest common divisor of 63 and j.
7
Suppose -l - 8 = l - 5*i, 5*i - 5 = 5*l. Let p = l - 1. Suppose -5*x + 10 = p, -3*f - 13 = -4*f - 2*x. Calculate the greatest common divisor of 3 and f.
3
Let g(z) = z**2 - z + 9. Let q be (-37)/5 - (-4)/10. Let p be g(q). Calculate the highest common factor of p and 13.
13
Let x = 110 + -70. Suppose 46 = 3*n + d, 3*n + d - x = 6*d. Suppose -5*t + 190 = -o + 2*o, -o - 3*t + 180 = 0. What is the highest common factor of n and o?
15
Let f = 3 - 2. Let l(u) = 2*u**2 + 4*u - 1. Let g be l(-3). Suppose -g*p - 12 + 47 = 0. Calculate the highest common divisor of p and f.
1
Suppose a - 188 - 92 = 0. Calculate the greatest common factor of a and 35.
35
Let r be ((-3)/2)/((-6)/(-40)). Let m = r + 5. Let c = 7 + m. Calculate the highest common divisor of c and 16.
2
Let r be 2*6*3/4. Let z be (12/20)/(1/5). What is the highest common factor of z and r?
3
Let p = 6 + 6. Calculate the greatest common divisor of 8 and p.
4
Let u(c) = 9*c**2 + 3*c - 3. Let h be u(-4). Suppose 3*w - 5*b = 87, -b - h = -5*w + 2*b. What is the highest common factor of w and 60?
12
Let s be (-56)/(-16) + 3/(-6). Calculate the greatest common divisor of s and 1.
1
Suppose 2*t = c + 80, 4*t + 3*c = -0*t + 160. What is the greatest common divisor of t and 16?
8
Suppose 0 = x + 4*x + 5. Let i be (x*2)/(-1)*7. Suppose -3*c + 19 = m, 5*c = -4*m + 6 + i. Calculate the greatest common factor of 56 and c.
8
Let m(j) = -j**3 - j**2 - 2*j. Let l be m(-3). What is the greatest common factor of 72 and l?
24
Suppose 0 = -3*c + 186 + 306. Calculate the greatest common divisor of 123 and c.
41
Suppose 18 = s - 0*s. Suppose 0 = 3*t - 9, 3*a - a = -2*t + s. Suppose -2*d - 3*q + 24 = 0, 0 = d - 4*q - 5 + 4. What is the highest common factor of d and a?
3
Let m = 8 + -6. Suppose 4*d + 7 = -5, m*a + 3*d = 15. Calculate the greatest common factor of 24 and a.
12
Suppose 5*p - j - 3*j = -8, 0 = 3*p - j + 9. Let u be (-22)/p*2*-1. Let v = -6 - u. Calculate the highest common divisor of v and 25.
5
Let r be ((-18)/(-4))/(-3)*-2. Let f be 684/15 - 2/(-5). Let p = f + -31. Calculate the greatest common factor of r and p.
3
Let d = 15 + -12. Let j(k) = 39*k + 2. Let f be j(d). Calculate the highest common factor of 17 and f.
17
Let o = 86 + 25. What is the highest common factor of 74 and o?
37
Let h be 56 + -2*(5 - 4). Calculate the highest common factor of 6 and h.
6
Let f(b) = -b**3 + 6*b**2 + 7*b + 9. Let c be f(7). What is the greatest common factor of c and 18?
9
Let q(g) = g**2 + 3*g - 6. Let n be q(-5). Suppose n*a = 38 + 26. What is the greatest common divisor of a and 64?
16
Suppose 57 - 17 = 10*h. What is the highest common factor of h and 1?
1
Let p be 1 + 20 + (1 - 1). Let y be (-2 - 2)*(-6)/8. Suppose -y*o = -4*o + 7. What is the highest common factor of o and p?
7
Let d(m) = -2*m**3 - 4*m**2 - 5*m. Let x be d(-4). What is the highest common factor of x and 112?
28
Let q(g) = g + 3. Let u be q(-3). Let o = u - -8. What is the greatest common factor of o and 8?
8
Let u = 168 + -160. Calculate the highest common factor of u and 8.
8
Suppose 0 = -2*g + 3*w + 138, -g + 58 + 10 = -w. Calculate the highest common divisor of 6 and g.
6
Let y = 47 - 28. Suppose -4*q = u - 536, 4*u - 669 = -5*q + 3*u. Calculate the greatest common divisor of q and y.
19
Let m be (-184)/(-6) - 4/6. Let r = m + -15. Let y(s) = -s**3 - 2*s**2 + 3*s - 5. Let x be y(-4). Calculate the highest common factor of x and r.
15
Let r(c) = -c + 17. Let h be r(14). What is the greatest common divisor of h and 6?
3
Let v(p) be the second derivative of p**4/12 - 2*p**3/3 - 3*p**2/2 + p. Let h be v(5). Let c = 14 - 8. Calculate the greatest common divisor of c and h.
2
Let m = 2 - -3. Let s be 78/m + (-4)/(-10). Let q = 24 - s. Calculate the highest common factor of 8 and q.
8
Let n be (46 - 2)*(-2)/(-4). Let o be (-1)/2*6 - -14. What is the highest common divisor of n and o?
11
Let w be 0*((-14)/(-4))/(-7). Suppose w = -4*h + 111 + 9. Calculate the greatest common factor of h and 20.
10
Let w = 187 - 91. Calculate the greatest common divisor of 240 and w.
48
Let g be 2 - ((1 - -1) + (0 - 8)). What is the greatest common divisor of 40 and g?
8
Suppose 2*v + m = 7, 3*v + 6*m - 18 = 2*m. Let c be (v + -1)/((-7)/(-98)). What is the highest co